 Let v(p) = 61*p + 821. Let a be v(-13). What is the greatest common divisor of k and a?
14
Let f be 0 + (-14)/2 + 9. Let m be f + (-102)/42 + (-12105)/(-21). What is the highest common divisor of m and 12?
12
Let s be 2140/(-1498)*84/(-10). Let a be (-25)/1*-1*12. What is the greatest common factor of a and s?
12
Let n be -15*4 + 4 + (3 - 3). Let c = 42 + n. Let s be (0 + c/3)*(-36)/1. What is the highest common factor of s and 24?
24
Suppose 0 = -321*g - 91*g + 824. Calculate the highest common divisor of g and 2342.
2
Let x be (16/12)/((-10)/15). Let v be (-36)/x + -4 + 3. What is the highest common divisor of v and 493?
17
Suppose 4*v = -5*c, -3*c + 2*v - 4*v = 2. Let n be ((-11)/c + -2)/(28/112). Calculate the highest common divisor of 24 and n.
3
Let b = 2411 + -1886. What is the greatest common divisor of b and 441?
21
Suppose -13932 = -89*t + 87*t. What is the highest common divisor of 172 and t?
86
Suppose -24*b - 6446 = -3*s - 26*b, b + 2147 = s. What is the highest common divisor of s and 12?
12
Suppose 151*q = 146*q - j + 484, 5*q - 520 = 5*j. Calculate the greatest common divisor of q and 343.
49
Let x(p) = 4*p - 23. Let l be x(7). Suppose 0 = -l*v + 15, -5*i + 3*v + 359 = -127. Let k be (-5)/1*(-36)/20. What is the greatest common factor of i and k?
9
Let w(r) = -r**2 + 31*r + 36. Let v be w(26). Let u = 218 - v. What is the greatest common divisor of 8 and u?
4
Let w(c) = -c**3 + 28*c**2 + 79*c - 74. Let m be w(31). Let u = m - -1824. What is the highest common divisor of 28 and u?
28
Let j be 6*(-5 + 8)/9*-307. Let z = -600 - j. Suppose 42 = 4*w - w. What is the greatest common factor of z and w?
14
Let b(x) = x**2 - 3*x - 4. Let t be b(4). Suppose 4*u - 67 - 25 = t. Let w = -17 + u. Calculate the highest common divisor of w and 15.
3
Suppose l = d - 2749, 0 = -249*l + 243*l - 30. Calculate the greatest common factor of d and 70.
14
Let t(n) = 11*n - 50. Suppose v + x - 3*x - 21 = 0, 51 = 3*v - 2*x. Let l be t(v). Let b = -93 + l. Calculate the highest common factor of b and 11.
11
Let c be (72/(-240))/((-2)/10)*(-9010)/(-51). What is the greatest common divisor of c and 25?
5
Suppose 2*w = 4, -4*o - w + 278 = -2*w. Let d be (2 + 48/(-30))*o. What is the highest common factor of 308 and d?
28
Let k = -16 + 28. Suppose -3*o + 3*z + 18 = 0, -10*o + z = -12*o. Suppose 2*r - 6*r - k = 0, c = -o*r + 124. Calculate the greatest common divisor of 10 and c.
10
Let a = 59 - 49. Suppose -a*z + 368 + 32 = 0. Calculate the highest common divisor of 8 and z.
8
Let x be ((-28)/(-6) - 4) + (-333)/(-27). Calculate the highest common factor of x and 10517.
13
Suppose -2*v - 5*i = -134 + 92, 0 = v + 3*i - 24. What is the highest common divisor of 279 and v?
3
Suppose -16*b + 21*b = 15. Suppose b*j - 2*d = 11, 2*j - 3*d = 16 - 12. Calculate the highest common divisor of j and 155.
5
Suppose -12 = 2*a - 6*a. Let g be a/(-4) + 567/36. What is the highest common factor of g and 240?
15
Let g(o) = 21*o + 753. Let h be g(-28). What is the greatest common divisor of h and 75?
15
Let i = -590 - -289. Let n = -85 - i. Calculate the greatest common divisor of n and 135.
27
Let g be ((-14)/6 - -1)*(-90)/4. Suppose 0 = 4*i + 3*h - 15, 4*i - g = 2*h. What is the highest common factor of 6 and i?
6
Suppose 13*k = 40*k - 432. Let q = -14 - -26. What is the greatest common factor of k and q?
4
Let r(j) = j - 1. Let a be r(-1). Let w(l) = 31 - 28 + 3*l**2 + 3*l + 2*l**2. Let d be w(a). What is the greatest common divisor of 34 and d?
17
Let r = 616 + -532. What is the highest common factor of 636 and r?
12
Let t(b) = -68*b + 619. Let k be t(8). Calculate the highest common divisor of k and 6.
3
Suppose -5*c - 129 = -4*s - 105, 3*c + 24 = 4*s. What is the greatest common factor of s and 164?
2
Let y(n) = 3*n**2 + 31*n + 205. Let h be y(-9). Calculate the highest common divisor of h and 39.
13
Let j = 508 - 470. What is the greatest common divisor of j and 3382?
38
Suppose -22*a + 54 = -19*a. Suppose 0 = -0*y - a*y + 7344. Calculate the highest common factor of y and 51.
51
Let v(i) = -5*i**2 + 64*i + 45. Let x be v(17). Let q = 45 - x. What is the greatest common factor of q and 102?
51
Suppose -4*t = 98 - 434. Suppose 13*x + 726 = 102. Let y = t + x. What is the greatest common factor of 4 and y?
4
Let l = -6264 - -6372. What is the highest common factor of 7506 and l?
54
Let y be 0/(-1) + 602/7. Suppose -13*a = 5 - 70. Suppose -a*f = 6 - y. What is the greatest common factor of 24 and f?
8
Let m be 1 - (0 - (-68)/(-2)). Let w be (-5 - -6)*(2*-206 + 1). Let c = w + 516. Calculate the highest common divisor of m and c.
35
Suppose -298*p + 153*p + 2030 = 0. Suppose -3*m + 1235 + 520 = -3*l, -3*m - 3*l = -1773. What is the highest common factor of p and m?
14
Suppose 14 = 2*c, -4*w - 125*c = -130*c - 22653. What is the highest common factor of w and 8?
8
Let k = 163 + -153. Let c(l) = l**2 - 8*l + 14. Let n be c(k). What is the highest common factor of n and 306?
34
Let q(w) = -4 - 23*w**2 + 6*w**3 - 7*w**3 - 3 + 11*w**2 + 26*w. Let r be q(-14). Calculate the greatest common factor of 189 and r.
21
Let r = 14657 - 14615. What is the greatest common factor of r and 474?
6
Let d = 204 + -119. Let j = -11 + d. Calculate the greatest common factor of j and 74.
74
Suppose n + 3*w + 135 = 0, -3*w = -n + 2*w - 167. Let a = n + 399. Calculate the highest common factor of a and 36.
36
Let o = 32 + 4. Let t = 857 - 833. Calculate the highest common factor of o and t.
12
Suppose -19*h + 9*h = -18*h + 2392. Calculate the greatest common factor of 23 and h.
23
Let p = -5 + 5. Suppose l + 4*l - 30 = p. Suppose 0 = 3*o + v - 11, -3*o = 5*v - 1 - l. Calculate the greatest common divisor of o and 2.
2
Let l be (-6)/72 + (-291)/(-36). Calculate the greatest common factor of 40 and l.
8
Suppose -5*t = -448 + 88. Let d = 72 - t. Suppose -15*w + 10*w + 160 = d. What is the greatest common factor of w and 80?
16
Let j(n) = n**3 - n**2 + n + 1. Let m be j(2). Suppose m*k - 11*k = 0. Suppose c + k = 15. Calculate the greatest common divisor of c and 165.
15
Let l = -234 - -275. Let r = -27 + l. What is the greatest common divisor of 49 and r?
7
Suppose -46333 + 46999 = 3*i. Calculate the highest common divisor of 11174 and i.
74
Suppose -12 = 3*d, -3 = -2*f - d + 1. Suppose -2801*n = -2791*n - 1280. Calculate the highest common divisor of f and n.
4
Let s = 293 + -294. Let g be s + (-52)/(-39) - (-3076)/6. Calculate the greatest common divisor of 57 and g.
57
Let g(y) = 10*y**2 - 2*y - 7. Suppose 2*z = -55 + 61. Let x be g(z). Suppose 10 = -7*n + 87. What is the greatest common divisor of n and x?
11
Let n = 547 - 361. What is the highest common divisor of 8 and n?
2
Suppose -2*w + 2*o + 118 = 0, w = 7*o - 4*o + 57. Let h be 1/(-4)*0 - (-152 + 12). What is the highest common divisor of h and w?
20
Let q = 8 - 5. Let j be 25/1 - (-4 + q). Suppose -2*d + 6*d - 164 = 2*p, -5*d - 5*p + 175 = 0. Calculate the highest common factor of d and j.
13
Suppose 4*z - 4*c + 325 = 3577, 2*c = 4*z - 3234. Let f = 31 - 19. Calculate the greatest common divisor of z and f.
12
Suppose 116*w - 112*w = 936. What is the greatest common factor of w and 252?
18
Let n(w) = 6*w**2 + 19*w + 21. Let z be n(-16). Suppose 3*a - 502 - z = 0. Calculate the highest common divisor of 45 and a.
45
Let m(k) = -32*k + 64. Let q be m(-15). Let r be (q/(-85))/(2/(-10)). What is the highest common divisor of 4 and r?
4
Let i(o) = -o**2 + 43*o + 770. Let a be i(54). Calculate the highest common divisor of 6028 and a.
44
Let c be 1104/56*(-14)/(-3). Calculate the highest common factor of c and 299.
23
Let k be 180*3/(-6)*-2. Let z be (-39 + 1500/40)/(1/(-144)). What is the greatest common divisor of k and z?
36
Suppose -14*x + 426 = 62. Suppose x*u - 48*u + 7370 = 0. Calculate the greatest common factor of 67 and u.
67
Let j(d) = 10*d**3 - d. Let w be j(1). Suppose 0 = 3*r + 3, 342*z - 19 = 340*z - 5*r. Let t = z + w. Calculate the greatest common factor of 63 and t.
21
Let c be 2*1 + -16 + 34. Suppose -3*x + 13 = -c. Calculate the highest common divisor of x and 110.
11
Let r be (-6204)/(-50) - (-316)/(-3950). Calculate the highest common factor of 7564 and r.
124
Let r = 3319 - 3301. Calculate the greatest common divisor o